ens digit of p?
2
Let w(x) = 9664*x**3 - 3*x**2 + 12*x - 8. Let r be w(1). Suppose 0 = -12*g - 701 + r. What is the tens digit of g?
4
Suppose -1581594 - 213837 - 680289 = -69*g. What is the thousands digit of g?
5
Suppose -57*j - q = -61*j + 10, 4*j + 2*q - 16 = 0. Let g = 125 + -33. Suppose 7*m + 208 = 4*z + j*m, -2*z = m - g. What is the tens digit of z?
4
Let m be (-1)/((-6)/(30/(-5))). What is the units digit of (-10)/(3 + m) + 10 + 504?
9
Suppose -214 = -2*h + 3*z, -3*h = z - 162 - 181. Suppose g + 4*l + 75 - 242 = 0, 0 = -3*g + 4*l + 501. Suppose 4*c - g = h. What is the units digit of c?
0
What is the tens digit of (-453824)/(-24) - (-110)/(-33)?
0
Let n be 3/(-2) + (-176)/(-32). Let k be n/3 - (2 - 0)/6. Suppose -o - k = 0, 429 = 5*a - 0*o - 4*o. What is the units digit of a?
5
Suppose -19*i = -23816 - 603564. What is the units digit of i?
0
Let u = -2668 + 3761. Let s = u - -186. What is the tens digit of s?
7
Suppose 0 = 7*m + 160 - 27. What is the tens digit of 2842/(-49)*m/2?
5
Suppose 0 = 37*n - 135*n + 1147580. What is the ten thousands digit of n?
1
Let k(q) = -3*q**3 - 12*q**2 + 18*q + 171. What is the thousands digit of k(-12)?
3
Let c = 38 - 36. Suppose -2330 = -5*p - 2*k, k + c = -3. Suppose 0 = -10*x + p + 212. What is the tens digit of x?
6
Let y(z) = 193*z - 5. Let w be y(1). Let t = 383 - w. What is the units digit of t?
5
Let h(i) = 15*i + 63. Let o be h(-3). Suppose o*x - 6020 - 5680 = 0. What is the units digit of x?
0
Let o be (-2 + 5)/(-3*1/(-2)). Suppose 5*n - o*p = 8, 2*n + 3 = 2*p + 11. Suppose -i - 63 + 64 = n. What is the units digit of i?
1
Let l(i) = i**2 - 2. Let o be l(2). Let u be 3 + 0 + -4*-1*o. Suppose -u*h + 140 = -10*h. What is the tens digit of h?
4
Let y(r) = r + 12. Let c be y(-9). Let p(f) = 166*f + 9. Let q be p(c). Suppose 683 = 7*m - q. What is the units digit of m?
0
Suppose 4*o + 3*v = 10, 5*o + 2*v - 3*v = 3. Let a = 373 - o. What is the tens digit of a?
7
Let o(t) = 7*t**2 - t + 145. Let b = -99 + 107. Suppose 7*g - 6*g = -b*g. What is the units digit of o(g)?
5
Let n = 28845 + -9757. What is the tens digit of n?
8
Let g(b) = -25*b - 14. Let c be g(-11). Let j be 8/3*c/(-116). What is the units digit of ((-2)/((-20)/(-75)))/(j/8)?
0
Let y = -39 - -41. Suppose 0 = -m - y*s + 188, 3*m - 3*s - 927 = -2*m. Suppose 2*o - 4*f = 4*o - m, o = -4*f + 87. What is the tens digit of o?
9
Let x(w) = 146*w + 494. Let o(q) = -50*q - 165. Let i(u) = 17*o(u) + 6*x(u). What is the units digit of i(-5)?
9
Suppose 2*d = -d - 9. Let c(i) = i**3 - 48*i - 7. Let s be c(7). What is the units digit of (576/(s + d))/(-8 + 7)?
2
Suppose 2*m - 17*m = -28515. Let d = -964 + m. What is the tens digit of d?
3
Let r = -6 + 20. Suppose r = -5*o - 1. What is the tens digit of 8/2*5 + o?
1
Let t be 54/6 + (-1 - (-2 - 0)). Suppose t*y - 3*y = -63. What is the units digit of (114/(-6))/(0 - (-3)/y)?
7
Suppose 7*g - 17 - 25 = 0. Suppose 2306 = g*h + 524. What is the hundreds digit of h?
2
Suppose 5*s - 10*k - 95325 = 0, -5*s - 215*k + 95313 = -219*k. What is the ten thousands digit of s?
1
Let b(k) be the first derivative of k**3/3 - 8*k**2 + 8*k - 36. What is the units digit of b(-15)?
3
Suppose 4*z + 90 + 6 = 0. What is the units digit of 2*((-4470)/z + (-6)/8)?
1
Let x(n) = 156*n**2 - 10*n + 27. Let q be x(7). Suppose -1433 + q = 8*u. What is the units digit of u?
1
Let d(v) = -v**3 + 41*v**2 + 155*v + 166. What is the thousands digit of d(40)?
7
What is the tens digit of (-7 - (-72)/(-3 + 11))*11290/4?
4
Let n be 3/24 + 2661/24. Let i = 431 - n. What is the tens digit of i?
2
What is the units digit of (16064*28/35)/((-60)/(-150))?
8
What is the ten thousands digit of (49266/8)/(66/352)?
3
What is the ten thousands digit of 8 + (-198)/27 + (-11)/((-33)/87160)?
2
Suppose 118*a = 87*a + 453251. What is the units digit of a?
1
Let l(w) = w - 1. Let v(m) = 11*m + 13. Let s(q) = -6*l(q) + v(q). Let f be s(-3). Suppose p - 117 = -f*i - i, 5*p + 4*i - 690 = 0. What is the tens digit of p?
4
Let n(g) = -1324*g + 5. Let o be n(-1). Suppose -4*b = -791 - o. What is the hundreds digit of b?
5
Let p(t) = -12*t + 27*t - 4*t + 11. Let i be p(10). Suppose 4*h + 17 = i. What is the tens digit of h?
2
Suppose 114 = 4*u - 5*p - 75, 3*u - 156 = -p. Suppose -3*f = -u + 6. Suppose -5*r - f = 0, -5*k + 8 = -r + 5*r. What is the units digit of k?
4
Let m(j) be the first derivative of 11/2*j**2 - j**3 - j**4 + 2*j - 20. What is the units digit of m(-4)?
6
Let o(w) = -8466*w**3 - 4*w**2 - w + 2. What is the hundreds digit of o(-1)?
4
Let t = -2160 + 9745. What is the tens digit of t?
8
Suppose -4*q - m = -3, -3*q - 6 = -4*q - 2*m. Suppose -5*r = -q*r - 860. Let n = 256 - r. What is the tens digit of n?
8
Let h(m) = 3546*m - 257. What is the thousands digit of h(2)?
6
Let r(d) = 48*d**3 - 4*d**2 - d - 6. Let f be r(-2). What is the units digit of -2*4*f/32*1?
1
Let s(h) = -4*h**3 + 5*h**2 + 14*h + 10. Let t be (-20)/5 - ((-8)/1)/(-4). What is the hundreds digit of s(t)?
9
Let c = -64 + 68. Suppose 47 = c*b - 5*m, b + 3*b = 3*m + 41. Suppose -591 = b*a - 2103. What is the hundreds digit of a?
1
Suppose -8*b + 241547 = 134929 - 138630. What is the units digit of b?
6
Let x(r) = -132*r**2 - 8*r - 3. Let i(h) = -397*h**2 - 26*h - 10. Let z(o) = 2*i(o) - 7*x(o). What is the tens digit of z(1)?
3
What is the tens digit of 11 - 3/((-6)/980)?
0
Suppose -5*t + 7*t = 8, -b - t + 4934 = 0. What is the hundreds digit of b?
9
Suppose 203*x - 444*x = -15419903. What is the units digit of x?
3
Let b = 8869 - -3965. What is the thousands digit of b?
2
Let j(f) = -f + 64. Let g(r) = -r + 23. Let a(d) = -11*g(d) + 4*j(d). Let c(z) = -z**3 + 5*z**2 - 5*z + 4. Let m be c(3). What is the tens digit of a(m)?
5
Let g(t) be the second derivative of 0 + 1/12*t**4 + 2/3*t**3 + 5*t - 15/2*t**2. What is the units digit of g(6)?
5
Let l(k) = 2*k + 3. Let w be l(-3). Let g be 23/w*(-14 - 4). Suppose u + 3*u - 612 = 3*q, 3*q = -u + g. What is the tens digit of u?
5
Suppose -l + 7*z - 3*z + 657 = 0, 5*l - z - 3342 = 0. Let h = 166 + l. What is the tens digit of h?
3
Let a(u) = u**3 + 2*u**2 - u - 5. Let t be a(4). Let f be (-266)/(-49) - (-100)/(-70). Suppose t = f*i - 397. What is the tens digit of i?
2
Let m(k) = -7*k**3 + 2*k**2 - 6*k + 27. Let b be m(5). Let u = b + 1997. What is the tens digit of u?
6
Let c be (1/(-3))/((40/(-5))/144). Suppose 3*g + 2*i = 1563, -c*g = -8*g - 2*i + 1042. What is the tens digit of g?
2
Let f = 59 - -10. Suppose w = f + 241. What is the tens digit of -5 - w*5/(-10)?
5
What is the thousands digit of 4 - 0 - 7*(-1047664)/112?
5
Let z(y) = -196*y + 1664. What is the tens digit of z(-17)?
9
Suppose 34*z - 48083 = 101143. What is the units digit of z?
9
Let f = -460 + 2254. Suppose p + f = 14*p. What is the tens digit of p?
3
Let l be 1 - (1/(-3))/((-1)/3). Let q = 150 - 150. Suppose -5*w + 2*g + 770 = -l*w, -4*w + 4*g + 628 = q. What is the hundreds digit of w?
1
Suppose -55*u = -42*u - 124722. What is the tens digit of u?
9
Suppose 3*z - 100640 - 89391 + 50915 = 0. What is the hundreds digit of z?
3
Let z = 74 - 72. Suppose -l + 2*o = -2*l + 10, -z*l + 56 = -5*o. Let u(s) = s**3 - 16*s**2 - 26*s - 14. What is the tens digit of u(l)?
6
Let f(l) = 9*l**2 + 14*l + 296. What is the units digit of f(-30)?
6
Suppose -2*v - 221 - 167 = 0. Let l = -82 - v. Suppose 112 = 2*f - 3*q, l = f + f - 5*q. What is the tens digit of f?
5
Let x = -640 + 1066. Suppose -3319 = -5*i - 2*z, -z - 3739 + x = -5*i. What is the units digit of i?
3
Let h = 139 - 33. Suppose 2*w - h = -i, 5*i = 4*w + w - 250. What is the units digit of w?
2
Let r be 4 + -4 - 4*6/(-4). What is the units digit of ((-37)/2)/((-262)/(-44) - r)?
7
Suppose -2577018 = -165*r + 992262. What is the tens digit of r?
3
Let g(r) = -11*r - 17. Let b(m) = 11*m**2 - 3*m + 19. Let h(k) = -5*k**2 + k - 10. Let a(y) = -6*b(y) - 13*h(y). Let u be a(8). What is the units digit of g(u)?
1
Suppose -m + 3848 = 7*m. Suppose -q + 4*q = -2*a - m, -a - 2*q = 243. Let w = -109 - a. What is the hundreds digit of w?
1
What is the tens digit of (-18960)/(-14) - (-25)/(1575/(-18))?
5
Let d(w) = 29*w - 1396. Let q be d(50). Let f = 1049 - 499. Suppose q*b - 49*b = f. What is the tens digit of b?
1
Suppose -932151 + 1988